{"version":"1.0","provider_name":"Gerster HeimTex - Ihr Partner f\u00fcr hochwertige Gardinen, B\u00e4nder &amp; Accessoires","provider_url":"https:\/\/www.gerster.com\/en","author_name":"Gerster HeimTex","author_url":"https:\/\/www.gerster.com\/en\/author\/gerster-heimtex\/","title":"Januar 26\u2032: Erfolgreiche S\u00fcdbund Wohntage - Gerster HeimTex - Ihr Partner f\u00fcr hochwertige Gardinen, B\u00e4nder &amp; Accessoires","type":"rich","width":600,"height":338,"html":"<blockquote class=\"wp-embedded-content\" data-secret=\"3CVk1a6C9C\"><a href=\"https:\/\/www.gerster.com\/en\/messe\/3295\/\">January 26' : Successful S\u00fcdbund Housing Days<\/a><\/blockquote><iframe sandbox=\"allow-scripts\" security=\"restricted\" src=\"https:\/\/www.gerster.com\/en\/messe\/3295\/embed\/#?secret=3CVk1a6C9C\" width=\"600\" height=\"338\" title=\"&#8220;Januar 26\u2032: Erfolgreiche S\u00fcdbund Wohntage&#8221; &#8212; Gerster HeimTex - Ihr Partner f\u00fcr hochwertige Gardinen, B\u00e4nder &amp; Accessoires\" data-secret=\"3CVk1a6C9C\" frameborder=\"0\" marginwidth=\"0\" marginheight=\"0\" scrolling=\"no\" class=\"wp-embedded-content\"><\/iframe><script>\n\/*! This file is auto-generated *\/\n!function(d,l){\"use strict\";l.querySelector&&d.addEventListener&&\"undefined\"!=typeof URL&&(d.wp=d.wp||{},d.wp.receiveEmbedMessage||(d.wp.receiveEmbedMessage=function(e){var t=e.data;if((t||t.secret||t.message||t.value)&&!\/[^a-zA-Z0-9]\/.test(t.secret)){for(var s,r,n,a=l.querySelectorAll('iframe[data-secret=\"'+t.secret+'\"]'),o=l.querySelectorAll('blockquote[data-secret=\"'+t.secret+'\"]'),c=new RegExp(\"^https?:$\",\"i\"),i=0;i<o.length;i++)o[i].style.display=\"none\";for(i=0;i<a.length;i++)s=a[i],e.source===s.contentWindow&&(s.removeAttribute(\"style\"),\"height\"===t.message?(1e3<(r=parseInt(t.value,10))?r=1e3:~~r<200&&(r=200),s.height=r):\"link\"===t.message&&(r=new URL(s.getAttribute(\"src\")),n=new URL(t.value),c.test(n.protocol))&&n.host===r.host&&l.activeElement===s&&(d.top.location.href=t.value))}},d.addEventListener(\"message\",d.wp.receiveEmbedMessage,!1),l.addEventListener(\"DOMContentLoaded\",function(){for(var e,t,s=l.querySelectorAll(\"iframe.wp-embedded-content\"),r=0;r<s.length;r++)(t=(e=s[r]).getAttribute(\"data-secret\"))||(t=Math.random().toString(36).substring(2,12),e.src+=\"#?secret=\"+t,e.setAttribute(\"data-secret\",t)),e.contentWindow.postMessage({message:\"ready\",secret:t},\"*\")},!1)))}(window,document);\n\/\/# sourceURL=https:\/\/www.gerster.com\/wp-includes\/js\/wp-embed.min.js\n<\/script>","thumbnail_url":"https:\/\/www.gerster.com\/wp-content\/uploads\/2025\/11\/w_Suedbund_neu_Kopie-e1763043243205.jpg","thumbnail_width":890,"thumbnail_height":590,"description":"Am 21. und 22. Januar waren wir auf den S\u00fcdbund Wohntagen in Backnang vertreten \u2013 und durften zwei inspirierende Tage mit vielen interessierten Fachbesuchern erleben. Die S\u00dcDBUND Wohntage z\u00e4hlen zu den wichtigsten Branchenmessen in Deutschland und bieten zweimal im Jahr ein besonderes Messeerlebnis Mehr als 100 Aussteller pr\u00e4sentierten Ihre neuesten Trends und Produkte der Branche. [&hellip;]"}

Gerster HeimTex - Ihr Partner für hochwertige Gardinen, Bänder &amp; Accessoires

Januar 26′: Erfolgreiche Südbund Wohntage - Gerster HeimTex - Ihr Partner für hochwertige Gardinen, Bänder &amp; Accessoires

<blockquote class="wp-embedded-content" data-secret="3CVk1a6C9C"><a href="https://www.gerster.com/en/messe/3295/">January 26' : Successful Südbund Housing Days</a></blockquote><iframe sandbox="allow-scripts" security="restricted" src="https://www.gerster.com/en/messe/3295/embed/#?secret=3CVk1a6C9C" width="600" height="338" title="&#8220;Januar 26′: Erfolgreiche Südbund Wohntage&#8221; &#8212; Gerster HeimTex - Ihr Partner für hochwertige Gardinen, Bänder &amp; Accessoires" data-secret="3CVk1a6C9C" frameborder="0" marginwidth="0" marginheight="0" scrolling="no" class="wp-embedded-content"></iframe><script>
/*! This file is auto-generated */
!function(d,l){"use strict";l.querySelector&&d.addEventListener&&"undefined"!=typeof URL&&(d.wp=d.wp||{},d.wp.receiveEmbedMessage||(d.wp.receiveEmbedMessage=function(e){var t=e.data;if((t||t.secret||t.message||t.value)&&!/[^a-zA-Z0-9]/.test(t.secret)){for(var s,r,n,a=l.querySelectorAll('iframe[data-secret="'+t.secret+'"]'),o=l.querySelectorAll('blockquote[data-secret="'+t.secret+'"]'),c=new RegExp("^https?:$","i"),i=0;i<o.length;i++)o[i].style.display="none";for(i=0;i<a.length;i++)s=a[i],e.source===s.contentWindow&&(s.removeAttribute("style"),"height"===t.message?(1e3<(r=parseInt(t.value,10))?r=1e3:~~r<200&&(r=200),s.height=r):"link"===t.message&&(r=new URL(s.getAttribute("src")),n=new URL(t.value),c.test(n.protocol))&&n.host===r.host&&l.activeElement===s&&(d.top.location.href=t.value))}},d.addEventListener("message",d.wp.receiveEmbedMessage,!1),l.addEventListener("DOMContentLoaded",function(){for(var e,t,s=l.querySelectorAll("iframe.wp-embedded-content"),r=0;r<s.length;r++)(t=(e=s[r]).getAttribute("data-secret"))||(t=Math.random().toString(36).substring(2,12),e.src+="#?secret="+t,e.setAttribute("data-secret",t)),e.contentWindow.postMessage({message:"ready",secret:t},"*")},!1)))}(window,document);
//# sourceURL=https://www.gerster.com/wp-includes/js/wp-embed.min.js
</script>

Am 21. und 22. Januar waren wir auf den Südbund Wohntagen in Backnang vertreten – und durften zwei inspirierende Tage mit vielen interessierten Fachbesuchern erleben. Die SÜDBUND Wohntage zählen zu den wichtigsten Branchenmessen in Deutschland und bieten zweimal im Jahr ein besonderes Messeerlebnis Mehr als 100 Aussteller präsentierten Ihre neuesten Trends und Produkte der Branche. [&hellip;]
