{"version":"1.0","provider_name":"Gerster HeimTex - Ihr Partner f\u00fcr hochwertige Gardinen, B\u00e4nder &amp; Accessoires","provider_url":"https:\/\/www.gerster.com\/en","author_name":"Gerster HeimTex","author_url":"https:\/\/www.gerster.com\/en\/author\/gerster-heimtex\/","title":"Vorschau: HomeTex in Bad Salzuflen 24.06. \u2013 25.06.2026 - Gerster HeimTex - Ihr Partner f\u00fcr hochwertige Gardinen, B\u00e4nder &amp; Accessoires","type":"rich","width":600,"height":338,"html":"<blockquote class=\"wp-embedded-content\" data-secret=\"bXVDwUTMBe\"><a href=\"https:\/\/www.gerster.com\/en\/messe\/3309\/\">Preview: HomeTex in Bad Salzuflen 24.06. \u2013 25.06.2026<\/a><\/blockquote><iframe sandbox=\"allow-scripts\" security=\"restricted\" src=\"https:\/\/www.gerster.com\/en\/messe\/3309\/embed\/#?secret=bXVDwUTMBe\" width=\"600\" height=\"338\" title=\"&#8220;Vorschau: HomeTex in Bad Salzuflen 24.06. \u2013 25.06.2026&#8221; &#8212; Gerster HeimTex - Ihr Partner f\u00fcr hochwertige Gardinen, B\u00e4nder &amp; Accessoires\" data-secret=\"bXVDwUTMBe\" frameborder=\"0\" marginwidth=\"0\" marginheight=\"0\" scrolling=\"no\" class=\"wp-embedded-content\"><\/iframe><script>\n\/*! This file is auto-generated *\/\n!function(d,l){\"use strict\";l.querySelector&&d.addEventListener&&\"undefined\"!=typeof URL&&(d.wp=d.wp||{},d.wp.receiveEmbedMessage||(d.wp.receiveEmbedMessage=function(e){var t=e.data;if((t||t.secret||t.message||t.value)&&!\/[^a-zA-Z0-9]\/.test(t.secret)){for(var s,r,n,a=l.querySelectorAll('iframe[data-secret=\"'+t.secret+'\"]'),o=l.querySelectorAll('blockquote[data-secret=\"'+t.secret+'\"]'),c=new RegExp(\"^https?:$\",\"i\"),i=0;i<o.length;i++)o[i].style.display=\"none\";for(i=0;i<a.length;i++)s=a[i],e.source===s.contentWindow&&(s.removeAttribute(\"style\"),\"height\"===t.message?(1e3<(r=parseInt(t.value,10))?r=1e3:~~r<200&&(r=200),s.height=r):\"link\"===t.message&&(r=new URL(s.getAttribute(\"src\")),n=new URL(t.value),c.test(n.protocol))&&n.host===r.host&&l.activeElement===s&&(d.top.location.href=t.value))}},d.addEventListener(\"message\",d.wp.receiveEmbedMessage,!1),l.addEventListener(\"DOMContentLoaded\",function(){for(var e,t,s=l.querySelectorAll(\"iframe.wp-embedded-content\"),r=0;r<s.length;r++)(t=(e=s[r]).getAttribute(\"data-secret\"))||(t=Math.random().toString(36).substring(2,12),e.src+=\"#?secret=\"+t,e.setAttribute(\"data-secret\",t)),e.contentWindow.postMessage({message:\"ready\",secret:t},\"*\")},!1)))}(window,document);\n\/\/# sourceURL=https:\/\/www.gerster.com\/wp-includes\/js\/wp-embed.min.js\n<\/script>","thumbnail_url":"https:\/\/www.gerster.com\/wp-content\/uploads\/2026\/01\/Unbenannt-1-e1774950583212.jpg","thumbnail_width":585,"thumbnail_height":261,"description":"Vom 24. bis 25. Juni 2026 findet im Messezentrum Bad Salzuflen die Hometex statt \u2013 eine der f\u00fchrenden Fachmessen f\u00fcr Heimtextilien, Wohnen und Einrichten. Auch wir sind selbstverst\u00e4ndlich als Aussteller wieder mit dabei. Wir laden Sie herzlich ein, uns in Bad Salzuflen zu besuchen \u2013 wir freuen uns auf den pers\u00f6nlichen Austausch mit Ihnen! Anschrift: [&hellip;]"}

Gerster HeimTex - Ihr Partner für hochwertige Gardinen, Bänder &amp; Accessoires

Vorschau: HomeTex in Bad Salzuflen 24.06. – 25.06.2026 - Gerster HeimTex - Ihr Partner für hochwertige Gardinen, Bänder &amp; Accessoires

<blockquote class="wp-embedded-content" data-secret="bXVDwUTMBe"><a href="https://www.gerster.com/en/messe/3309/">Preview: HomeTex in Bad Salzuflen 24.06. – 25.06.2026</a></blockquote><iframe sandbox="allow-scripts" security="restricted" src="https://www.gerster.com/en/messe/3309/embed/#?secret=bXVDwUTMBe" width="600" height="338" title="&#8220;Vorschau: HomeTex in Bad Salzuflen 24.06. – 25.06.2026&#8221; &#8212; Gerster HeimTex - Ihr Partner für hochwertige Gardinen, Bänder &amp; Accessoires" data-secret="bXVDwUTMBe" frameborder="0" marginwidth="0" marginheight="0" scrolling="no" class="wp-embedded-content"></iframe><script>
/*! This file is auto-generated */
!function(d,l){"use strict";l.querySelector&&d.addEventListener&&"undefined"!=typeof URL&&(d.wp=d.wp||{},d.wp.receiveEmbedMessage||(d.wp.receiveEmbedMessage=function(e){var t=e.data;if((t||t.secret||t.message||t.value)&&!/[^a-zA-Z0-9]/.test(t.secret)){for(var s,r,n,a=l.querySelectorAll('iframe[data-secret="'+t.secret+'"]'),o=l.querySelectorAll('blockquote[data-secret="'+t.secret+'"]'),c=new RegExp("^https?:$","i"),i=0;i<o.length;i++)o[i].style.display="none";for(i=0;i<a.length;i++)s=a[i],e.source===s.contentWindow&&(s.removeAttribute("style"),"height"===t.message?(1e3<(r=parseInt(t.value,10))?r=1e3:~~r<200&&(r=200),s.height=r):"link"===t.message&&(r=new URL(s.getAttribute("src")),n=new URL(t.value),c.test(n.protocol))&&n.host===r.host&&l.activeElement===s&&(d.top.location.href=t.value))}},d.addEventListener("message",d.wp.receiveEmbedMessage,!1),l.addEventListener("DOMContentLoaded",function(){for(var e,t,s=l.querySelectorAll("iframe.wp-embedded-content"),r=0;r<s.length;r++)(t=(e=s[r]).getAttribute("data-secret"))||(t=Math.random().toString(36).substring(2,12),e.src+="#?secret="+t,e.setAttribute("data-secret",t)),e.contentWindow.postMessage({message:"ready",secret:t},"*")},!1)))}(window,document);
//# sourceURL=https://www.gerster.com/wp-includes/js/wp-embed.min.js
</script>

Vom 24. bis 25. Juni 2026 findet im Messezentrum Bad Salzuflen die Hometex statt – eine der führenden Fachmessen für Heimtextilien, Wohnen und Einrichten. Auch wir sind selbstverständlich als Aussteller wieder mit dabei. Wir laden Sie herzlich ein, uns in Bad Salzuflen zu besuchen – wir freuen uns auf den persönlichen Austausch mit Ihnen! Anschrift: [&hellip;]
